{"id":1482,"date":"2026-02-27T11:12:33","date_gmt":"2026-02-27T10:12:33","guid":{"rendered":"https:\/\/lorajaune.com\/?page_id=1482"},"modified":"2026-03-11T11:10:21","modified_gmt":"2026-03-11T10:10:21","slug":"inscription-pour-recevoir-votre-tirage-introspectif","status":"publish","type":"page","link":"https:\/\/lorajaune.com\/index.php\/inscription-pour-recevoir-votre-tirage-introspectif\/","title":{"rendered":"Inscription pour recevoir votre tirage introspectif"},"content":{"rendered":"<div class=\"wp-block-jetpack-contact-form is-layout-flex wp-container-jetpack-contact-form-is-layout-faa3ad1c wp-block-jetpack-contact-form-is-layout-flex\"><a href=\"https:\/\/lorajaune.com\/index.php\/inscription-pour-recevoir-votre-tirage-introspectif\/\" target=\"_blank\" rel=\"noopener noreferrer\">Soumettre un formulaire.<\/a><\/div>\n\n\n<p>Une fois l&rsquo;inscription faite, je vous enverrai par whats app un vocal + une photo avec le d\u00e9tail du tirage r\u00e9alis\u00e9 avec l&rsquo;Oracle de l&rsquo;Introspection .<\/p>\n\n\n\n<p>Le tirage introspectif est bas\u00e9 sur le principe que nous portons tous les stigmates de blessures \u00e9manant d&rsquo;un \u00e9v\u00e8nement originel de notre pass\u00e9, de notre transg\u00e9n\u00e9rationnel ou de nos vies ant\u00e9rieures. De cette blessure en a d\u00e9coul\u00e9 des m\u00e9canismes de d\u00e9fenses et\/ou bouclier de protection qui se r\u00e9v\u00e8lent aux yeux de tous \u00e0 travers des blocages, des croyances limitantes, des peurs irrationnelles etc&#8230;<\/p>\n\n\n\n<p>L&rsquo;Oracle de l&rsquo;Introspection permet de mettre de la lumi\u00e8re sur ces zones d&rsquo;ombres, d&rsquo;\u00e9clairer votre \u00e9v\u00e8nement originel pour pouvoir travailler ensuite \u00e0 d\u00e9construire vos boucliers de protections et \u00e0 avancer plus sereinement sur votre chemin de vie.<\/p>\n\n\n\n<p>Ainsi avec ces 8 cat\u00e9gories de cartes, l&rsquo;Oracle va m\u00e9thodiquement r\u00e9pondre aux questions suivantes :<\/p>\n\n\n\n<ul class=\"wp-block-list\">\n<li>Dans quel plan \u00e0 eu lieu l&rsquo;\u00e9v\u00e8nement originel ? Transg\u00e9n\u00e9rationnel, vie r\u00e9elle ou vies ant\u00e9rieures<\/li>\n\n\n\n<li>A quelle p\u00e9riode de vie ? In-ut\u00e9ro, enfance, jeunesse etc&#8230;<\/li>\n\n\n\n<li>Dans quel environnement ? Familial, sentimental, scolaire etc&#8230;<\/li>\n\n\n\n<li>Quelle blessure a d\u00e9coul\u00e9 de cet \u00e9v\u00e8nement originel ? Rejet, injustice , abandon etc&#8230;<\/li>\n\n\n\n<li>Quel bouclier ai-je d\u00e9ploy\u00e9, quel est l&rsquo;impact que ma vie actuelle ?<\/li>\n\n\n\n<li>Quelle action dois-je mener suite \u00e0 la d\u00e9couverte de cet \u00e9v\u00e8nement originel ?<\/li>\n\n\n\n<li>Dans quelle temporalit\u00e9 dois-je effectuer cette action ? (Cartes Existence \/ vert)<\/li>\n\n\n\n<li>Quel soin dois-je m&rsquo;apporter ? <\/li>\n<\/ul>\n\n\n\n<p>En parall\u00e8le du vocal et de la photo, je vous enverrai sur votre adresse email les questions li\u00e9es \u00e0 votre tirage, il faudra si vous d\u00e9cidez d&rsquo;entreprendre un parcours introspectif, prendre le temps de r\u00e9pondre \u00e0 chacune des questions qui vous paraitront pertinentes. Ce travail peut facilement prendre une bonne heure introspective, ne n\u00e9gligez pas cette partie du travail&#8230; Tout commence ici !<\/p>\n\n\n\n<p><em>&#8211;> A cet instant pr\u00e9cis, et si vous d\u00e9cidez de r\u00e9pondre aux questions, vous entamerez d\u00e9j\u00e0 un joli processus d&rsquo;analyse de votre inconscient. Vous commencerez peut-\u00eatre d\u00e9j\u00e0 \u00e0 faire des liens entre certaines situations et certains m\u00e9canismes de d\u00e9fenses.<\/em><\/p>\n\n\n\n<p>Une fois vos r\u00e9ponses envoy\u00e9e, prenez RDV avec moi pour une s\u00e9ance pr\u00e9liminaire (laissez au minimum 48h entre le moment o\u00f9 vous envoyez vos r\u00e9ponses aux questions et le RDV r\u00e9limnaire que j&rsquo;ai le temps d&rsquo;\u00e9tudier vos r\u00e9ponses). <a href=\"https:\/\/calendly.com\/l-ora-jaune\/rdv-introspectif-preliminaire\">S\u00e9ance r\u00e9servable en suivant ce lien<\/a><\/p>\n\n\n\n<p>Cette s\u00e9ance pr\u00e9liminaire de 30min en visio a pour but de d\u00e9finir ensemble le contenu de votre parcours introspectif, cons\u00e9cutivement \u00e0 la r\u00e9ception de vos r\u00e9ponses aux questions envoy\u00e9es par email :<\/p>\n\n\n\n<ul class=\"wp-block-list\">\n<li>Objectif global de votre parcours<\/li>\n\n\n\n<li>Nombre de s\u00e9ances de coaching et\/ou de soins<\/li>\n\n\n\n<li>Etablissement d&rsquo;un contrat de coaching (sans engagement)<\/li>\n<\/ul>\n\n\n\n<p><em>Aucun RDV Pr\u00e9liminaire ne sera honor\u00e9 sans tirage introspectif r\u00e9alis\u00e9 en amont et r\u00e9ponses re\u00e7ues.<\/em><\/p>\n\n\n\n<p><em>Le&nbsp;praticien&nbsp;n\u2019est&nbsp;pas&nbsp;un&nbsp;m\u00e9decin.&nbsp;Il&nbsp;n\u2019effectue&nbsp;aucun&nbsp;diagnostic&nbsp;et&nbsp;ne&nbsp;donne&nbsp;aucun&nbsp;avis&nbsp;m\u00e9dical.&nbsp;\u200bRecevoir&nbsp;un&nbsp;soin&nbsp;\u00e9nerg\u00e9tique&nbsp;ne&nbsp;remplace&nbsp;en&nbsp;aucun&nbsp;cas&nbsp;un&nbsp;traitement&nbsp;m\u00e9dical.<\/em><\/p>\n","protected":false},"excerpt":{"rendered":"<p>Une fois l&rsquo;inscription faite, je vous enverrai par whats app un vocal + une photo avec le d\u00e9tail du tirage r\u00e9alis\u00e9 avec l&rsquo;Oracle de l&rsquo;Introspection . Le tirage introspectif est bas\u00e9 sur le principe que nous portons tous les stigmates de blessures \u00e9manant d&rsquo;un \u00e9v\u00e8nement originel de notre pass\u00e9, de notre transg\u00e9n\u00e9rationnel ou de nos vies ant\u00e9rieures. De cette blessure en a d\u00e9coul\u00e9 des m\u00e9canismes de d\u00e9fenses et\/ou bouclier de protection qui se r\u00e9v\u00e8lent aux yeux de tous \u00e0 travers des blocages, des croyances limitantes, des peurs irrationnelles etc&#8230; L&rsquo;Oracle de l&rsquo;Introspection permet de mettre de la lumi\u00e8re sur ces zones d&rsquo;ombres, d&rsquo;\u00e9clairer votre \u00e9v\u00e8nement originel pour pouvoir travailler ensuite \u00e0 d\u00e9construire vos boucliers de protections et \u00e0 avancer plus sereinement sur votre chemin de vie. Ainsi avec ces 8 cat\u00e9gories de cartes, l&rsquo;Oracle va m\u00e9thodiquement r\u00e9pondre aux questions suivantes : En parall\u00e8le du vocal et de la photo, je vous enverrai sur votre adresse email les questions li\u00e9es \u00e0 votre tirage, il faudra si vous d\u00e9cidez d&rsquo;entreprendre un parcours introspectif, prendre le temps de r\u00e9pondre \u00e0 chacune des questions qui vous paraitront pertinentes. Ce travail peut facilement prendre une bonne heure introspective, ne n\u00e9gligez pas cette partie du travail&#8230; Tout commence ici ! &#8211;> A cet instant pr\u00e9cis, et si vous d\u00e9cidez de r\u00e9pondre aux questions, vous entamerez d\u00e9j\u00e0 un joli processus d&rsquo;analyse de votre inconscient. Vous commencerez peut-\u00eatre d\u00e9j\u00e0 \u00e0 faire des liens entre certaines situations et certains m\u00e9canismes de d\u00e9fenses. Une fois vos r\u00e9ponses envoy\u00e9e, prenez RDV avec moi pour une s\u00e9ance pr\u00e9liminaire (laissez au minimum 48h entre le moment o\u00f9 vous envoyez vos r\u00e9ponses aux questions et le RDV r\u00e9limnaire que j&rsquo;ai le temps d&rsquo;\u00e9tudier vos r\u00e9ponses). S\u00e9ance r\u00e9servable en suivant ce lien Cette s\u00e9ance pr\u00e9liminaire de 30min en visio a pour but de d\u00e9finir ensemble le contenu de votre parcours introspectif, cons\u00e9cutivement \u00e0 la r\u00e9ception de vos r\u00e9ponses aux questions envoy\u00e9es par email : Aucun RDV Pr\u00e9liminaire ne sera honor\u00e9 sans tirage introspectif r\u00e9alis\u00e9 en amont et r\u00e9ponses re\u00e7ues. Le&nbsp;praticien&nbsp;n\u2019est&nbsp;pas&nbsp;un&nbsp;m\u00e9decin.&nbsp;Il&nbsp;n\u2019effectue&nbsp;aucun&nbsp;diagnostic&nbsp;et&nbsp;ne&nbsp;donne&nbsp;aucun&nbsp;avis&nbsp;m\u00e9dical.&nbsp;\u200bRecevoir&nbsp;un&nbsp;soin&nbsp;\u00e9nerg\u00e9tique&nbsp;ne&nbsp;remplace&nbsp;en&nbsp;aucun&nbsp;cas&nbsp;un&nbsp;traitement&nbsp;m\u00e9dical.<\/p>\n","protected":false},"author":1,"featured_media":0,"parent":0,"menu_order":0,"comment_status":"closed","ping_status":"closed","template":"","meta":{"jetpack_post_was_ever_published":false,"footnotes":""},"class_list":["post-1482","page","type-page","status-publish","hentry"],"yoast_head":"<!-- This site is optimized with the Yoast SEO plugin v27.4 - https:\/\/yoast.com\/product\/yoast-seo-wordpress\/ -->\n<title>Inscription pour recevoir votre tirage introspectif - L&#039;Ora Jaune<\/title>\n<meta name=\"description\" content=\"Sur simple demande \u00e9crite, je vous envoi votre tirage introspectif (via what&#039;s app ou r\u00e9seaux sociaux) comprenant :Un vocal explicatif de votre tirage introspectifUne photoDes fiches extraites de mon Oracle avec des question qui ont pour but de faire remonter des blocages \u00e9motionnels\" \/>\n<meta name=\"robots\" content=\"index, follow, max-snippet:-1, max-image-preview:large, max-video-preview:-1\" \/>\n<link rel=\"canonical\" href=\"https:\/\/lorajaune.com\/index.php\/inscription-pour-recevoir-votre-tirage-introspectif\/\" \/>\n<meta property=\"og:locale\" content=\"fr_FR\" \/>\n<meta property=\"og:type\" content=\"article\" \/>\n<meta property=\"og:title\" content=\"Inscription pour recevoir votre tirage introspectif - L&#039;Ora Jaune\" \/>\n<meta property=\"og:description\" content=\"Sur simple demande \u00e9crite, je vous envoi votre tirage introspectif (via what&#039;s app ou r\u00e9seaux sociaux) comprenant :Un vocal explicatif de votre tirage introspectifUne photoDes fiches extraites de mon Oracle avec des question qui ont pour but de faire remonter des blocages \u00e9motionnels\" \/>\n<meta property=\"og:url\" content=\"https:\/\/lorajaune.com\/index.php\/inscription-pour-recevoir-votre-tirage-introspectif\/\" \/>\n<meta property=\"og:site_name\" content=\"L&#039;Ora Jaune\" \/>\n<meta property=\"article:publisher\" content=\"https:\/\/www.facebook.com\/profile.php?id=61557948831111\" \/>\n<meta property=\"article:modified_time\" content=\"2026-03-11T10:10:21+00:00\" \/>\n<meta name=\"twitter:card\" content=\"summary_large_image\" \/>\n<meta name=\"twitter:label1\" content=\"Dur\u00e9e de lecture estim\u00e9e\" \/>\n\t<meta name=\"twitter:data1\" content=\"3 minutes\" \/>\n<script type=\"application\/ld+json\" class=\"yoast-schema-graph\">{\"@context\":\"https:\\\/\\\/schema.org\",\"@graph\":[{\"@type\":\"WebPage\",\"@id\":\"https:\\\/\\\/lorajaune.com\\\/index.php\\\/inscription-pour-recevoir-votre-tirage-introspectif\\\/\",\"url\":\"https:\\\/\\\/lorajaune.com\\\/index.php\\\/inscription-pour-recevoir-votre-tirage-introspectif\\\/\",\"name\":\"Inscription pour recevoir votre tirage introspectif - L&#039;Ora Jaune\",\"isPartOf\":{\"@id\":\"https:\\\/\\\/lorajaune.com\\\/#website\"},\"datePublished\":\"2026-02-27T10:12:33+00:00\",\"dateModified\":\"2026-03-11T10:10:21+00:00\",\"description\":\"Sur simple demande \u00e9crite, je vous envoi votre tirage introspectif (via what's app ou r\u00e9seaux sociaux) comprenant :Un vocal explicatif de votre tirage introspectifUne photoDes fiches extraites de mon Oracle avec des question qui ont pour but de faire remonter des blocages \u00e9motionnels\",\"breadcrumb\":{\"@id\":\"https:\\\/\\\/lorajaune.com\\\/index.php\\\/inscription-pour-recevoir-votre-tirage-introspectif\\\/#breadcrumb\"},\"inLanguage\":\"fr-FR\",\"potentialAction\":[{\"@type\":\"ReadAction\",\"target\":[\"https:\\\/\\\/lorajaune.com\\\/index.php\\\/inscription-pour-recevoir-votre-tirage-introspectif\\\/\"]}]},{\"@type\":\"BreadcrumbList\",\"@id\":\"https:\\\/\\\/lorajaune.com\\\/index.php\\\/inscription-pour-recevoir-votre-tirage-introspectif\\\/#breadcrumb\",\"itemListElement\":[{\"@type\":\"ListItem\",\"position\":1,\"name\":\"Accueil\",\"item\":\"https:\\\/\\\/lorajaune.com\\\/\"},{\"@type\":\"ListItem\",\"position\":2,\"name\":\"Inscription pour recevoir votre tirage introspectif\"}]},{\"@type\":\"WebSite\",\"@id\":\"https:\\\/\\\/lorajaune.com\\\/#website\",\"url\":\"https:\\\/\\\/lorajaune.com\\\/\",\"name\":\"L'ORA JAUNE\",\"description\":\"Coaching introspectif &amp; soin \u00e9nerg\u00e9tique\",\"potentialAction\":[{\"@type\":\"SearchAction\",\"target\":{\"@type\":\"EntryPoint\",\"urlTemplate\":\"https:\\\/\\\/lorajaune.com\\\/?s={search_term_string}\"},\"query-input\":{\"@type\":\"PropertyValueSpecification\",\"valueRequired\":true,\"valueName\":\"search_term_string\"}}],\"inLanguage\":\"fr-FR\"}]}<\/script>\n<!-- \/ Yoast SEO plugin. -->","yoast_head_json":{"title":"Inscription pour recevoir votre tirage introspectif - L&#039;Ora Jaune","description":"Sur simple demande \u00e9crite, je vous envoi votre tirage introspectif (via what's app ou r\u00e9seaux sociaux) comprenant :Un vocal explicatif de votre tirage introspectifUne photoDes fiches extraites de mon Oracle avec des question qui ont pour but de faire remonter des blocages \u00e9motionnels","robots":{"index":"index","follow":"follow","max-snippet":"max-snippet:-1","max-image-preview":"max-image-preview:large","max-video-preview":"max-video-preview:-1"},"canonical":"https:\/\/lorajaune.com\/index.php\/inscription-pour-recevoir-votre-tirage-introspectif\/","og_locale":"fr_FR","og_type":"article","og_title":"Inscription pour recevoir votre tirage introspectif - L&#039;Ora Jaune","og_description":"Sur simple demande \u00e9crite, je vous envoi votre tirage introspectif (via what's app ou r\u00e9seaux sociaux) comprenant :Un vocal explicatif de votre tirage introspectifUne photoDes fiches extraites de mon Oracle avec des question qui ont pour but de faire remonter des blocages \u00e9motionnels","og_url":"https:\/\/lorajaune.com\/index.php\/inscription-pour-recevoir-votre-tirage-introspectif\/","og_site_name":"L&#039;Ora Jaune","article_publisher":"https:\/\/www.facebook.com\/profile.php?id=61557948831111","article_modified_time":"2026-03-11T10:10:21+00:00","twitter_card":"summary_large_image","twitter_misc":{"Dur\u00e9e de lecture estim\u00e9e":"3 minutes"},"schema":{"@context":"https:\/\/schema.org","@graph":[{"@type":"WebPage","@id":"https:\/\/lorajaune.com\/index.php\/inscription-pour-recevoir-votre-tirage-introspectif\/","url":"https:\/\/lorajaune.com\/index.php\/inscription-pour-recevoir-votre-tirage-introspectif\/","name":"Inscription pour recevoir votre tirage introspectif - L&#039;Ora Jaune","isPartOf":{"@id":"https:\/\/lorajaune.com\/#website"},"datePublished":"2026-02-27T10:12:33+00:00","dateModified":"2026-03-11T10:10:21+00:00","description":"Sur simple demande \u00e9crite, je vous envoi votre tirage introspectif (via what's app ou r\u00e9seaux sociaux) comprenant :Un vocal explicatif de votre tirage introspectifUne photoDes fiches extraites de mon Oracle avec des question qui ont pour but de faire remonter des blocages \u00e9motionnels","breadcrumb":{"@id":"https:\/\/lorajaune.com\/index.php\/inscription-pour-recevoir-votre-tirage-introspectif\/#breadcrumb"},"inLanguage":"fr-FR","potentialAction":[{"@type":"ReadAction","target":["https:\/\/lorajaune.com\/index.php\/inscription-pour-recevoir-votre-tirage-introspectif\/"]}]},{"@type":"BreadcrumbList","@id":"https:\/\/lorajaune.com\/index.php\/inscription-pour-recevoir-votre-tirage-introspectif\/#breadcrumb","itemListElement":[{"@type":"ListItem","position":1,"name":"Accueil","item":"https:\/\/lorajaune.com\/"},{"@type":"ListItem","position":2,"name":"Inscription pour recevoir votre tirage introspectif"}]},{"@type":"WebSite","@id":"https:\/\/lorajaune.com\/#website","url":"https:\/\/lorajaune.com\/","name":"L'ORA JAUNE","description":"Coaching introspectif &amp; soin \u00e9nerg\u00e9tique","potentialAction":[{"@type":"SearchAction","target":{"@type":"EntryPoint","urlTemplate":"https:\/\/lorajaune.com\/?s={search_term_string}"},"query-input":{"@type":"PropertyValueSpecification","valueRequired":true,"valueName":"search_term_string"}}],"inLanguage":"fr-FR"}]}},"acf":[],"jetpack_likes_enabled":true,"jetpack_sharing_enabled":true,"_links":{"self":[{"href":"https:\/\/lorajaune.com\/index.php\/wp-json\/wp\/v2\/pages\/1482","targetHints":{"allow":["GET"]}}],"collection":[{"href":"https:\/\/lorajaune.com\/index.php\/wp-json\/wp\/v2\/pages"}],"about":[{"href":"https:\/\/lorajaune.com\/index.php\/wp-json\/wp\/v2\/types\/page"}],"author":[{"embeddable":true,"href":"https:\/\/lorajaune.com\/index.php\/wp-json\/wp\/v2\/users\/1"}],"replies":[{"embeddable":true,"href":"https:\/\/lorajaune.com\/index.php\/wp-json\/wp\/v2\/comments?post=1482"}],"version-history":[{"count":5,"href":"https:\/\/lorajaune.com\/index.php\/wp-json\/wp\/v2\/pages\/1482\/revisions"}],"predecessor-version":[{"id":1509,"href":"https:\/\/lorajaune.com\/index.php\/wp-json\/wp\/v2\/pages\/1482\/revisions\/1509"}],"wp:attachment":[{"href":"https:\/\/lorajaune.com\/index.php\/wp-json\/wp\/v2\/media?parent=1482"}],"curies":[{"name":"wp","href":"https:\/\/api.w.org\/{rel}","templated":true}]}}